?
-17
Calculate (51 - (-4 + -8 + 0)) + 4.
67
What is the value of 19 + 1 + (48 - 116)?
-48
Evaluate -6 - ((1 - -1) + -17 + 6 + -17).
20
What is -33 + 42 - (34 + (-2 - -4) - (-51 - -57))?
-21
What is -10 - (-5 + (-1 - 5) + (90 - 73))?
-16
Calculate -19 + (-1 - ((28 - -1) + 138 + -156)).
-31
Evaluate -9 + -3 - ((-39 + 51 - 7) + -84 + -1).
68
Evaluate 27 + 21 + -9 + -20 + 37.
56
Evaluate (-4 - (7 + (-5 - -17))) + 40 + -80.
-63
Calculate (-13 + -1 - 2) + (-7 - (-115 - 8)).
100
What is the value of -42 + (71 - -59) + -25?
63
-432 - -489 - ((2 - 3) + 23)
35
-12 - (3 - (14 + (-80 - (-27 + 15))))
-69
What is -10 - 95 - (-21 + -2) - -18?
-64
What is 303 - 367 - (-44 - 6)?
-14
What is -55 + (112 - 62 - 27)?
-32
Calculate -123 + 131 - (-8 - -5).
11
(-20 + -14 - -14) + (35 - -6) + -13
8
What is the value of 117 + 0 + 1957 + -2063?
11
Calculate 4 - 15 - (-95 - (-50 + 18)).
52
What is (59 - -19 - 37) + -58?
-17
What is the value of 37 + -43 + 22 - (-43 + -1)?
60
1 - (6 + 11) - -48
32
What is the value of -5 - (-16 - -4) - (-630 - -602)?
35
What is 64 + -35 + -8 + 30?
51
What is 10 + 3 + -15 + 8 + (-11 - -3 - 55)?
-57
Calculate (-2 - -67) + (174 - 172) - (11 - 2 - 1).
59
63 + (-29 - -28 - 31) - -21
52
Evaluate (-29 + 66 - 30) + -14.
-7
What is -31 + 9 + 21 + -52 + (1 - -8)?
-44
What is (0 - 1 - (-69 + 71)) + -17 + 17?
-3
What is (-43 - (-51 + -1) - (17 - (2 + -3))) + -17?
-26
Calculate -62 - (-67 - -52) - (-6 + -2).
-39
4 + 46 - (-19 + 0 + 33)
36
-8 + 13 - 70 - (-160 - -150)
-55
Evaluate 31 + 1 - (13556 - 13570).
46
What is -8 + 16 - (-11 + 86) - (6 + (-13 - -1))?
-61
What is the value of 62 - ((-403 - -434) + -39 + 1)?
69
-3 - (7 - -23 - (61 - 48))
-20
What is -57 + -28 + -17 + 40 - (-18 - -2)?
-46
What is the value of (-42 - (26 + -27 + 30)) + 15?
-56
What is -67 + (-56 - -99 - -39)?
15
Evaluate -618 + 624 + 37 + -1 + 11.
53
Evaluate -26 + 10 + -27 + 8 + 1.
-34
Evaluate -5 - (1 - (12 + -10 + -4 + -3 + -1)).
-12
What is the value of 12 - (61 - (20 - -19))?
-10
What is the value of (-22 - (-53 - -22) - -11) + 13?
33
What is the value of (-250 - -243) + ((-2 - -4) + 1 - 27)?
-31
Evaluate (-47 - 48) + 96 + 0 + -85.
-84
What is the value of 0 + -6 + (-1597 - -1614) + 30 + 1 + -29?
13
Evaluate -65 + (-2 - (3 + (-12 - 18))) - (-1 - 14).
-25
(9 + -4 - -15) + 4 + -9 + (18 - 21)
12
What is the value of (36 - (-73 - -104)) + 1 + 6?
12
What is 50964 + -50936 + -9 + 1 + 0?
20
Calculate 10 + (15 - (17 - (13 - 11))) + 87.
97
Evaluate -27 + (-11 - -1 - (198 - 207)).
-28
What is the value of 41 - (-21 - -62 - -31)?
-31
-13 + (-40 - (-42 + 1))
-12
What is 29 - (-11 + 11 + 0 + 7 + (132 - 139))?
29
What is (83 - 30) + -11 - 14?
28
Evaluate 160 + -74 + (-7 - 8) + -4.
67
Calculate 2 + (95 - (-30 + 36)).
91
Calculate -2 + 3 - (16 + 1) - (-34 - 201 - -247).
-28
What is (-2 - 5) + (1 - (5 - (12 + -6))) + 53?
48
17 + -4 - (-29 + -57 - (2 + -1 + 11))
111
What is (5566 - 5579) + (1 + 3 - 1)?
-10
What is the value of 85 - (20 - (1 - -55 - (-187 + 203)))?
105
25 - ((140 - 36) + -53)
-26
What is -12 - (-19 - (6 + 7 + -28))?
-8
What is -22 + (-70 - -49 - (-2 + -15))?
-26
-19 + 44 + (16 - 22) + -4 - -49
64
Evaluate -21 + -7 + 13 - 13.
-28
(10 - (1 + -2)) + (-2338 - -2320) - (2 - 49)
40
What is the value of 13 - (91 + (-190 - -69))?
43
What is the value of -7 + -4 - (0 + 0) - 8 - (1 - -6)?
-26
What is the value of (-15 - (15 + 42)) + 20 - -17?
-35
What is the value of -4 + (9 - 18) - (10 - (-1 + 1))?
-23
Calculate -72 + (20 - 8) + -13 + 4 + 2.
-67
(-12 - -22) + 16 - (13 + (0 - -1)) - 46
-34
Calculate -89 + (-41 - -83 - 54) + (10 + 1 - -1).
-89
What is the value of (120 + -107 - -39) + -163?
-111
What is 0 + -11 - (41 + 1 - (458 - 457)) - -10?
-42
Calculate 0 + 3 + -104 + (-43 - -48 - -11).
-85
Evaluate 19 + -63 + 37 + 20.
13
What is the value of (146 - 168 - (21 - -3)) + (-1 - (-10 - -1))?
-38
What is the value of 21 + 2 + -4 - (-320 - -336)?
3
What is the value of 931 + -1057 - (-7 + -151)?
32
What is the value of (2 - -12) + -5 + 0 - (-3 - 3 - -10)?
5
Calculate (-6 - -4) + -2 - ((11 + -74 - 7) + -31).
97
Calculate -8 - (9 - (14 + -18 - (-6 + 15))).
-30
-8 + (-16 - -19) + -14
-19
-349 - -320 - (9 + 2 + (-4 - -4))
-40
What is 13 + (-71 - 11) + -6 + -4 + 8 + -1?
-72
Calculate -35 + -28 + 42 - -8 - (-2 + 2).
-13
-2451 + 2446 + -1 + -41
-47
Calculate (100 - 82) + -24 + 65.
59
Calculate -10 - (-8 - 6 - (-16 - -22)).
10
Calculate 3 + 128 - (-5 - (41 + -38 - 20)).
119
Calculate (-33 + -74 - -89) + -64.
-82
What is the value of -110 - (-19 + 32 - 89)?
-34
Evaluate 36 - (21 + (-40 - -8 - -22) - (11 - -1)).
37
Calculate 2 + 39 + -24 + 1 + -18.
0
(10 - 1 - 8) + (-6 - -1 - 6) + -34
-44
23 - (47 - (-15 + 22 - -11))
-6
1 - -117 - (2943 + -2835)
10
-7 + 21 + -55 + -8 - -12
-37
What is the value of -86 + 75 - (-56 - 38)?
83
(7 - -2) + (66 - 57) - -2
20
Calculate 121 - (0 + 7 - (-8 - -24)) - -4 - -14.
148
What is the value of (-5 + 4 - (-7 - 40 - (-3 + 5))) + -1?
47
Calculate -193 - -166 - (-24 + -2) - -66.
65
What is the value of 13 + (-27 - -34) + -28?
-8
What is -11 + 33 + 2 - (0 + -6)?
30
5 + (-31 + 14 - -40 - 78)
-50
What is the value of 26 + 6 - (-6 + 5 + 1)?
32
Calculate (-1 - -143) + 39 + (-49 + 25 - -5) + -16.
146
What is the value of 64 + -145 + (56 - 49)?
-74
Calculate -107 + 3 - (75 - -19 - 107).
-91
What is -37 + (1 - -2 - (409 - 421))?
-22
What is -7 + (183 - 183 - (-2 - -1) - 25)?
-31
What is the value of (-2 - 8 - (14 + -12)) + -192 + 238?
34
Evaluate 16 + -31 + 54 + -104.
-65
Evaluate 595 + -620 + (-1 - (-7 + -1)) + (6 - -2).
-10
What is 4 + 2 + 0 - (-58 + 55 + 15)?
-6
Calculate (-7 - -3) + 11 + 31 + -13 - -4.
29
Evaluate 57 + -110 + 31 + 17 + -2.
-7
What is the value of -38 - (-2 + (34 + -2 - (-58 + 75)))?
-51
(-37 - (14 + -15 - 14)) + -7
-29
Calculate (10 - (2 - (-24 - (-20 - 8)))) + -95 + -2.
-85
0 - (-29 - -41) - -83 - (2 + 5)
64
What is -16 + 5 + 10 + (-59 - 5)?
-65
Calculate -5 - (23 - -8) - (0 + -1) - (21 + -25).
-31
Calculate -288 + 394 - (0 + 41).
65
What is the value of (-25 + 65 - -87) + -99?
28
-44 - (-234 + 121) - 15
54
What is 51 - (2 + 0 + -65 + 69 + (-9 - -8))?
46
76 - ((84 - 25) + -20)
37
Calculate 28196 + -28220 + (103 - -3) + 0.
82
What is 37 - ((-30 - -18) + 54)?
-5
What is -14 + (-17 + 15 - 14 - -5) + -4?
-29
Calculate (149 - 142) + 18 + 2 + -16.
11
What is the value of 5 + -24 + (10 + 12 + -19 - 78)?
-94
Evaluate 12 - 11 - (-3 - -3 - (-24 - -10 - -6)).
-7
33 + (-9 + -5 - (55 - 57))
21
What is the value of 1 + (20 - 62 - -31 - -8)?
-2
Evaluate 152 - (78 - (-81 + 118)).
111
What is the value of -7 - (1 + 5 + 2 + (-5 - -1)) - -4?
-7
What is (0 - 17) + (-47 - -118) + -88?
-34
Calculate 2 + (23 - -1) + -35 + 28 + 11 + -12.
18
What is 145 + -78 + -10 - -47?
104
Calculate 13 + 3 + (-43 - -14) + 6.
-7
Evaluate -9 + -11 + -11 + (33 - 45).
-43
What is (43 + -45 - (1 + 4 + 1)) + -126 + 198?
64
5 + (4 - 2) + (6 + 8 - 1) + -29
-9
-66 - 5 - (165 + -193)
-43
Evaluate 1 + 27 + -49 + -45 - -24.
-42
Calculate -68 + -9 + (18 - -1 - 42).
-100
Calculate 1318 - 1207 - (-26 + 10).
127
What is -62 + -13 + 21 + (-8 - -3 - -13)?
-46
Evaluate 185 + (47 - 204) - (2 + -107).
133
Evaluate -93 + (-89 - (-30 + -81)).
-71
Evaluate 1 - 37 - (-189 - (144 + -282)).
15
Evaluate -1 + -56 + (53 + -77 - ((-23 - 0) + -15)).
-43
Calculate 127 + (-81 + 55 - 28).
73
What is -29 + (-1 - 88) + 2 + 24?
-92
What is -121 + 87 - (-4 + -12)?
-18
What is -137 + (-1 - (3 + -2)) + (-6292 - -6289)?
-142
-33 + (-17 - -11) + 78
39
13 - (-21 - (-13 + -9 - -4))
16
Evaluate (3 + -3 - 2) + -1 + (-17 - (-78 - -9)).
49
Evaluate (4 - (-18 + 19)) + -13 + -27.
-37
(-28 - (-48 + 61)) + -63
-104
Evaluate 18 + (-34 - -9) + 18 + 31 + -3.
39
Calculate -15 + (-1 - 12 - (293 - 312)) + 88 + 1.
80
What is -7 + -1 + (3 - -21) + -8 - 20?
-12
What is 41 + -2 - (-103 + 93 + -2 + 9 + -2)?
44
Calculate -64 - ((197 - 113) + -57).
-91
What is the value of -4 - -3 - -4 - (4 + -64 - -48)?
15
What is the value of 58 + 1 - (-84 + 114 + -69)?
98
What is 18 + -83 + 136 + -57?
14
What is -9 - (3 + (11 + -12 - -2)) - -20?
7
(9 - (-2 - 1)) + -6406 + 6425
31
8 + -38 + (-52 - -122)
40
What is (-6 - (-1 - 2)) + 33 + (-52 - 11) + 67?
34
What is the value of (2 + 1 - (55 + (-89 - -33))) + 2?
6
What is the value of (-1 - -2) + (333 - 355)?
-21
What is -53 + 